25 (base 13) to base 7
25541
What is 430 (base 8) in base 2?
100011000
What is -1568 (base 16) in base 9?
-7458
What is -10103 (base 4) in base 11?
-230
6a33 (base 12) to base 3
121020210
-400 (base 6) to base 8
-220
What is 2130 (base 4) in base 14?
b2
-12022112 (base 3) to base 6
-25535
Convert 45b0 (base 12) to base 16.
1e54
Convert -a8db (base 15) to base 5.
-2121011
2ad (base 16) to base 6
3101
-1530 (base 7) to base 4
-21201
-21717 (base 9) to base 7
-60040
What is -221121222 (base 3) in base 4?
-10203323
What is 13597 (base 10) in base 9?
20577
Convert -8a4 (base 12) to base 6.
-5524
What is 1253 (base 12) in base 4?
200133
Convert 2220012 (base 3) to base 7.
6104
103200 (base 5) to base 11
2738
What is 12525 (base 6) in base 3?
2122022
-304 (base 7) to base 3
-12121
Convert -8459 (base 16) to base 14.
-c4c1
Convert -932f (base 16) to base 3.
-1220200112
Convert 26174 (base 9) to base 15.
5364
Convert 411 (base 12) to base 8.
1115
What is 47334 (base 9) in base 3?
1121101011
169 (base 11) to base 16
c4
-23122 (base 6) to base 9
-4455
What is 132321 (base 5) in base 7?
21362
Convert 35640 (base 11) to base 13.
1a4ab
What is 2001002 (base 3) in base 14?
783
What is 7d05 (base 15) in base 4?
12132323
Convert 13132 (base 4) to base 10.
478
1868 (base 15) to base 7
21242
What is 8554 (base 11) in base 2?
10110000110000
Convert -333010 (base 4) to base 9.
-5474
Convert 12110 (base 5) to base 13.
548
Convert 1405 (base 10) to base 5.
21110
65 (base 14) to base 16
59
Convert 316 (base 10) to base 7.
631
What is -3867 (base 10) in base 4?
-330123
What is -321 (base 9) in base 2?
-100000110
8951 (base 12) to base 5
441211
-29a7 (base 11) to base 12
-22a4
Convert e (base 16) to base 3.
112
22102110 (base 3) to base 4
1133331
What is 1b3 (base 12) in base 16?
117
-29 (base 13) to base 12
-2b
Convert 2475 (base 11) to base 9.
4376
132b (base 13) to base 2
101010110101
6dc4 (base 16) to base 14
a352
What is 1132415 (base 6) in base 16?
e61b
65264 (base 7) to base 8
37611
-223223 (base 4) to base 6
-20535
Convert -2763 (base 13) to base 7.
-22332
What is 626 (base 8) in base 7?
1120
-2205 (base 6) to base 15
-23e
317b (base 15) to base 7
42341
Convert -21020100 (base 3) to base 8.
-12232
-9c0 (base 15) to base 4
-202131
What is 27230 (base 8) in base 5?
340203
What is -2958 (base 11) in base 12?
-225a
Convert -1 (base 7) to base 2.
-1
Convert -1b6 (base 15) to base 13.
-246
102 (base 15) to base 2
11100011
What is 10533 (base 6) in base 4?
113121
Convert 24c0 (base 15) to base 10.
7830
-4433 (base 7) to base 9
-2158
What is 12555 (base 7) in base 2?
110100101100
What is -4627 (base 14) in base 13?
-5716
What is 11010011011 (base 2) in base 12?
b8b
-225133 (base 6) to base 12
-b1a9
Convert c124 (base 13) to base 4.
12133003
What is 1012200 (base 4) in base 2?
1000110100000
-22230 (base 7) to base 16
-15e7
What is -15259 (base 11) in base 2?
-101010001100010
Convert -12214 (base 11) to base 16.
-4498
905 (base 12) to base 14
68d
1014 (base 16) to base 8
10024
-325302 (base 6) to base 7
-142016
What is -d3 (base 15) in base 9?
-240
Convert -232333 (base 5) to base 14.
-312c
Convert 38086 (base 9) to base 2.
110001111111001
Convert 2ec9 (base 15) to base 4.
2131221
1334 (base 5) to base 6
1003
Convert 11874 (base 9) to base 5.
224010
Convert -19334 (base 11) to base 5.
-1331040
-332 (base 11) to base 13
-248
What is -4051 (base 7) in base 14?
-728
1431 (base 6) to base 7
1051
1415 (base 7) to base 16
227
What is 52021 (base 6) in base 8?
15415
Convert -5a31 (base 11) to base 8.
-17333
Convert 460 (base 12) to base 4.
22020
What is 213 (base 14) in base 15?
1c4
-4521 (base 8) to base 7
-6645
-1143221 (base 5) to base 15
-665b
-5c81 (base 14) to base 6
-202533
-6fb (base 16) to base 5
-24122
Convert -13 (base 11) to base 9.
-15
-101100001101 (base 2) to base 8
-5415
Convert -6300 (base 7) to base 15.
-9c0
What is 111001000101011 (base 2) in base 3?
1111002111
-102332 (base 4) to base 9
-1588
30420 (base 6) to base 11
3047
Convert 11111001101100 (base 2) to base 9.
23825
What is 687 (base 14) in base 3?
1202222
124211 (base 5) to base 14
1b23
What is 476d (base 14) in base 4?
3002131
What is -203 (base 15) in base 3?
-121210
-156415 (base 8) to base 6
-1113553
Convert -50 (base 14) to base 3.
-2121
-dc (base 15) to base 12
-153
2988 (base 10) to base 11
2277
Convert -17a7 (base 13) to base 6.
-24141
-100221 (base 4) to base 6
-4533
What is -20353 (base 6) in base 11?
-2065
-1c1b (base 14) to base 10
-5121
What is -2526 (base 8) in base 13?
-811
-15719 (base 11) to base 14
-8111
What is d2 (base 15) in base 16?
c5
2201123 (base 4) to base 3
112011122
What is 110011001011 (base 2) in base 9?
4438
What is -3c9e (base 16) in base 13?
-70a9
What is -3533 (base 9) in base 8?
-5076
What is 111021 (base 3) in base 2?
101100110
What is 13ba (base 12) in base 4?
203332
What is -3703 (base 8) in base 6?
-13111
Convert 289 (base 12) to base 10.
393
403 (base 7) to base 15
d4
What is 1644 (base 9) in base 16?
4e7
-12282 (base 9) to base 3
-102022202
Convert -716 (base 11) to base 10.
-864
What is 1111100100001010 (base 2) in base 3?
10020110021
Convert -2335 (base 6) to base 11.
-472
-1470b (base 12) to base 9
-43282
-313323 (base 4) to base 15
-10d9
Convert bc (base 14) to base 11.
141
3140 (base 5) to base 11
352
Convert -1076 (base 12) to base 6.
-12230
Convert -1032 (base 6) to base 2.
-11101100
Convert 14222 (base 6) to base 13.
103a
Convert -54db (base 14) to base 13.
-68c7
Convert -1000110110010001 (base 2) to base 7.
-210442
What is -10 (base 4) in base 13?
-4
200112100 (base 3) to base 12
7999
Convert 10010010 (base 2) to base 4.
2102
What is 57 (base 9) in base 10?
52
What is -30 (base 11) in base 14?
-25
100102 (base 3) to base 8
376
-33000 (base 4) to base 11
-7a3
What is -8690 (base 13) in base 4?
-10210103
1079 (base 10) to base 14
571
What is -10100111101101 (base 2) in base 12?
-6265
Convert 502 (base 11) to base 8.
1137
What is 173d (base 14) in base 15?
1381
-200 (base 11) to base 7
-464
What is 1221220 (base 3) in base 8?
2624
Convert 4c5 (base 14) to base 7.
2535
Convert -2c57 (base 16) to base 13.
-5222
What is 87e (base 15) in base 9?
2562
-4143113 (base 5) to base 13
-2526a
What is -10a3 (base 13) in base 6?
-14442
What is -3542 (base 7) in base 5?
-20204
What is -636 (base 7) in base 3?
-102220
What is -1130 (base 10) in base 15?
-505
What is -11810 (base 12) in base 4?
-11301030
What is -2776 (base 8) in base 14?
-7b8
What is -23135 (base 13) in base 16?
-f9b6
-1111100111111 (base 2) to base 8
-17477
What is -8a7 (base 14) in base 15?
-795
Convert 103302 (base 4) to base 2.
10011110010
-726 (base 9) to base 15
-296
-3b91 (base 12) to base 9
-10381
What is -121101211 (base 3) in base 5?
-340311
-3133 (base 5) to base 2
-110100010
Convert -1ca (base 13) to base 6.
-1315
90 (base 13) to base 8
165
What is 36e (base 15) in base 5?
11104
5554 (base 8) to base 5
43144
-135254 (base 6) to base 16
-3232
What is 1121210201 (base 3) in base 9?
47721
Convert 2a9 (base 11) to base 3.
111101
Convert -3078 (base 9) to base 15.
-a08
-54b (base 13) to base 10
-908
Convert 5854 (base 11) to base 15.
2422
-25a5 (base 12) to base 15
-141b
1392a (base 11) to base 16
4d2b
What is -bd (base 16) in base 13?
-117
Convert 104423 (base 6) to base 2.
10001001011111
4342 (base 5) to base 11
4a3
29b (base 16) to base 6
3031
What is 6b (base 13) in base 14?
65
Convert -101001110011101 (base 2) to base 3.
-1002100210
Convert -3429 (base 11) to base 8.
-10634
Convert -1122 (base 4) to base 8.
-132
What is -3286 (base 11) in base 5?
-114304
-1360 (base 10) to base 5
-20420
Convert -7873 (base 11) to base 3.
-112012220
46304 (base 7) to base 15
3778
Convert 1043 (base 8) to base 6.
2311
What is 39e (base 16) in base 12?
652
Convert 1006 (base 7) to base 12.
251
Convert -188 (base 11) to base 15.
-e7
122430 (base 5) to base 3
20111120
63 (base 16) to base 13
78
What is -9b (base 13) in base 16?
-80
-527 (base 9) to base 15
-1da
Convert 6 (base 12) to base 14.
6
What is 4549 (base 13) in base 6?
112514
Convert -51a8 (base 15) to base 10.
-17258
Convert 10111000011 (base 2) to base 7.
4205
Convert -9698 (base 12) to base 4.
-10002110
2174 (base 10) to base 5
32144
-12233 (base 